se 0 = -5*y - 408 + 788. What is the highest common divisor of y and 114?
38
Let i = -24 - 13. Let u = i + 65. Let s be (-1)/(110/u - 4). What is the highest common factor of s and 14?
14
Let s = 0 + 6. Let d be (3 - 5)*(-2)/(-4). Let a(u) = -14*u - 2. Let w be a(d). Calculate the highest common factor of s and w.
6
Let q be (-3 + -2)*(-37 + 36). Let b be -2*(2 + -22 - 0). What is the greatest common factor of b and q?
5
Suppose 29*h - 63 = 26*h. Suppose -4*l - 138 = -2*t, -l = 3*t + t - 249. What is the highest common divisor of h and t?
21
Let y(x) = 36*x + 137. Let j be y(-3). Calculate the greatest common divisor of j and 232.
29
Let i(d) = -d**2 - 23*d + 10. Let a be i(-17). Let q be (16/(-6))/(4/(-48)). Suppose -y - y = -q. Calculate the highest common divisor of y and a.
16
Let w(v) = 18*v - 624. Let u be w(35). What is the greatest common factor of u and 534?
6
Let r be (0 + 12/15)*170. Let j(x) = x**3 + 5*x**2 + 3*x + 1. Let s be j(-3). Let t = 7 + s. Calculate the highest common factor of r and t.
17
Suppose -21*h + 26*h = -5. Let m = h + 7. What is the greatest common divisor of m and 2?
2
Let v(a) = -a - 10. Let u be v(-9). Let b = u + 5. Calculate the greatest common divisor of 2 and b.
2
Let v be (-5 + 2)/((-5)/245). Calculate the highest common divisor of v and 49.
49
Let o be 0 - (-8 + 3 + 3). Let s(r) = -2*r**2 + 5*r - 4. Let v be s(o). Let g be v + (3 - (2 + -4)). What is the greatest common divisor of 24 and g?
3
Let l(b) = 46*b - 134. Let h be l(9). Calculate the greatest common factor of h and 42.
14
Let k = -35 - -77. Calculate the greatest common divisor of k and 56.
14
Let j = 370 + -330. Calculate the highest common divisor of 70 and j.
10
Let q = -47 - -110. Let l = -712 - -721. Calculate the greatest common divisor of l and q.
9
Let a(y) = -y**3 - 9*y**2 - 14*y - 25. Let l = 122 - 130. Let t be a(l). Calculate the greatest common factor of 23 and t.
23
Suppose 237 = 2*p - 147. Calculate the greatest common divisor of p and 12.
12
Suppose b - 28*i + 26*i = -3, -5*b - 5*i = -45. What is the highest common factor of b and 405?
5
Let h = -54 + -20. Let n = -36 - h. Suppose -57 = k - 4*k + 3*z, 0 = -5*z. What is the highest common divisor of n and k?
19
Suppose -p - 139 = -4*l, 5*p + 27 = 4*l - 92. Calculate the greatest common factor of l and 1488.
12
Let u(o) = 3*o - 18. Let r be u(8). Let d = 9 - r. Suppose s = 4*s + d*l - 498, 168 = s + 3*l. Calculate the greatest common factor of 15 and s.
15
Let s be ((-2)/(-3))/(2/12). Let b = 7 - s. Suppose 4*a - 25 = -d, b*d + 2*d - 5*a = 250. What is the greatest common factor of 5 and d?
5
Suppose -2*l - 5 - 5 = 0, -2*l = -3*w + 22. Suppose -23*r - 28 = -672. Calculate the highest common divisor of r and w.
4
Let d(f) = -f + 3. Let o be d(-7). Let k = 9 - o. Let n be (-15)/(-3)*(k - -4). What is the greatest common factor of 5 and n?
5
Let k(o) = 66*o - 135. Let x be k(4). What is the highest common divisor of 43 and x?
43
Let n(u) = u**2 + 6*u + 6. Let x be n(-5). Let g(r) = -r**2 - 7*r + 32. Let k be g(-10). What is the greatest common factor of k and x?
1
Let t(b) = -b**3 - 24*b**2 - 50*b - 110. Let o be t(-22). What is the highest common factor of 77 and o?
11
Suppose -4*x + 5*a = 12, 2*a = -4*x + 9 + 7. Let f be x - ((-6)/3 - 266). What is the highest common factor of 30 and f?
30
Let x(g) = 7*g**2 - 2. Let d be x(1). Let o(n) = -n**3 + 4*n**2 - 3*n + 3. Let v be o(2). Calculate the highest common factor of d and v.
5
Let a be (-6 + 9 - -8) + (0 - -1). Let m(p) = -p**2 - 7*p + 6. Let f be m(-8). Let l = a - f. Calculate the greatest common factor of 14 and l.
14
Let o be -4*(6/(-4))/(15/50). Let k be (1 - (-6)/8)/(6/240). What is the highest common divisor of k and o?
10
Let s = 182 - 10. Suppose 17*u + s = 19*u. What is the highest common factor of 215 and u?
43
Let g be ((-32)/(-2))/(3/54). Calculate the highest common factor of g and 108.
36
Suppose 0 = q + 2*q - 57. Suppose -89 = -7*p - q. Let w be 40 - p/5 - 3. What is the highest common factor of 385 and w?
35
Let a(p) be the first derivative of -5*p**2 - 34*p - 36. Let l be a(-8). Calculate the highest common factor of l and 138.
46
Suppose -3*m - 2*m = -5. Let b be (m - 1)/1 - 3. Let x(t) = t + 5. Let h be x(b). Calculate the greatest common factor of 2 and h.
2
Let y = 221 - -17. What is the greatest common factor of 14 and y?
14
Let w be 3/6 - 5/2. Let y be w/(-2) - (-196 - 1). Suppose 3*v - 13 = 53. What is the highest common factor of y and v?
22
Let t(j) = j**3 - j**2 - 32*j + 62. Let f be t(0). Calculate the greatest common factor of f and 341.
31
Suppose 4*z - 1390 = -40*i + 38*i, -2*i = 3*z - 1045. Calculate the highest common factor of z and 30.
15
Suppose 40 = 3*y + y. Let d be 1813/21 + 1/(-3). Let r = d + -36. What is the highest common divisor of r and y?
10
Suppose -230 = 48*s - 50*s. Suppose -8*w + s + 29 = 0. What is the highest common divisor of w and 24?
6
Suppose 34*v - 648 = 31*v. Suppose -2*y - 9 = -2*z + 147, 3*y = -3*z + v. What is the greatest common divisor of z and 15?
15
Let j be 5391/12 - 9/(-12). Let v = 76 + j. Suppose 121 = -3*f + v. What is the highest common factor of f and 27?
27
Let r = 168 - -118. Suppose -7*w + 650 = 18*w. Calculate the greatest common divisor of w and r.
26
Let f = -1990 - -2047. Calculate the greatest common factor of f and 304.
19
Suppose 153 = 4*f - b, -5*f - 5*b + 160 = -0*b. Let q = 43 - f. Calculate the greatest common divisor of 2 and q.
2
Suppose 12*x = 14*x - 76. What is the highest common factor of x and 266?
38
Let z = 61 - 41. Suppose 6*i + 3*y = i - 141, 0 = i + 5*y + 15. Let u = i - -170. What is the greatest common factor of u and z?
20
Let j be -4 + (-48)/(-1 + 2). Let r = 73 + j. Suppose 5*p - r = 2*p. What is the highest common factor of p and 35?
7
Let r = 84 - 94. Let l be 14*(-3)/(21/r). Calculate the greatest common divisor of 140 and l.
20
Let o(b) be the second derivative of b**4/12 - 3*b**3/2 + 23*b**2/2 - 5*b. Let d be o(10). Calculate the highest common factor of 22 and d.
11
Suppose m - 5 = -2, 0 = 2*u - 5*m + 5. What is the greatest common divisor of 745 and u?
5
Let v = 3 - 2. Let o be 292*v*(2 + -1). Suppose 2*n = 16 + o. Calculate the greatest common factor of 22 and n.
22
Suppose -5*d = -4*w + 293, -4*w = -7*w - 5*d + 176. What is the greatest common divisor of 134 and w?
67
Let l(w) = 47*w**2 + 3*w + 4. Let s = -22 - -21. Let g be l(s). What is the highest common divisor of g and 120?
24
Suppose b - 7 = -10. Suppose k + k - 42 = 3*x, 19 = k - x. Let g = b + k. What is the greatest common factor of g and 2?
2
Let b(i) = 5*i**2 + 7*i + 30. Let q be b(-3). Let j be (12/(-10))/(2/(-30)). Calculate the highest common factor of q and j.
18
Let f = 413 + -93. What is the greatest common divisor of 40 and f?
40
Let q be (-534)/(-27) + (-2)/(-9). Let d be (18/(-4))/((-15)/q). Let f(c) = c**3 - 2*c**2 + 4*c. Let s be f(4). Calculate the greatest common factor of d and s.
6
Suppose 0 = 6*f + 10 - 124. Suppose -5*j = 5*c - 30, 0*c = -4*c - 3*j + f. What is the highest common divisor of 7 and c?
1
Let l(u) = u**2 - 9*u + 2. Let z be l(9). Suppose c + z = 5. Suppose -39 = -4*o - c*f - 5, 5*o - f - 33 = 0. What is the greatest common factor of 14 and o?
7
Let i(w) = -w**3 + 3*w**2 - 4*w. Let h(d) = d**3 - 4*d**2 + 4*d - 1. Let u(x) = -6*h(x) - 5*i(x). Let z be u(4). What is the highest common divisor of 10 and z?
10
Suppose -2*b - 160 = -2*f, 16*f - 18*f - 2*b + 160 = 0. What is the highest common divisor of 360 and f?
40
Suppose -4 - 11 = -3*v. Let a(d) = d**2 - 2*d - 8. Let p be a(-2). Suppose -v*n + 500 = -p*n. Calculate the highest common divisor of 25 and n.
25
Suppose 2*f + 8 = -5*j + 42, -2*f + 34 = -3*j. Suppose -235 = -3*c + 224. Calculate the greatest common factor of f and c.
17
Let b be (-8 - -6) + 60/(3 - 2). What is the greatest common divisor of b and 522?
58
Let a = 1706 + -946. Calculate the highest common factor of 40 and a.
40
Suppose -17*h = -1192 + 223. What is the highest common divisor of h and 437?
19
Suppose 4*g = -4*s + 3*s + 671, s = 4*g - 673. Let v = -142 + g. What is the highest common factor of 39 and v?
13
Let i = -204 + 309. Suppose -4*o - 3*v + 40 = v, -2*v - 70 = -4*o. Calculate the greatest common divi